4*k - k - 10 = 0. What is the tens digit of k/(-2)*(0 - -17)?
1
Suppose 20*i - 240 = 15*i. What is the units digit of i?
8
What is the hundreds digit of ((-36)/6 - 1)*246/(-7)?
2
Let x(i) = i**3 - 8*i**2 + 9*i + 6. What is the units digit of x(7)?
0
Let u = -4 + 6. Suppose -273 = -4*o + 7. Suppose -u*y = -7*y + o. What is the units digit of y?
4
Let o = -23 - -43. Suppose -4*z + 2*z + 5*k = -29, 0 = 4*k + o. Suppose 0*w - 3*m = -z*w - 5, -3*w + 3*m = 3. What is the units digit of w?
2
Suppose 6 = 3*p, 0*p + 2*p = v - 18. Suppose -2*o - 2*z + v = -7*z, 3*o = 4*z + 33. What is the units digit of o?
1
Suppose 4*p - 2*m = 452 + 230, 5*m - 359 = -2*p. What is the tens digit of p?
7
Let h = 19 + -15. Suppose l - 105 = -h*l. What is the units digit of l?
1
Let b = 9 + -4. What is the tens digit of (48 - 1) + (b - 4)?
4
Suppose 0 + 9 = 3*u. Suppose -4*b = x - u*b - 16, -2*x + 5*b = 3. What is the units digit of x?
1
Let k = 13 - 8. Suppose -i + k = -6. Suppose -j + 3*m - 2 = 1, 5*j - 2*m = i. What is the units digit of j?
3
Let h(x) = -x**3 + 11*x**2 - 9*x - 6. Let c be h(10). Suppose -c = 4*j - 12. Suppose -w + 9 + j = 0. What is the tens digit of w?
1
Let j = 4 + -1. Suppose 0 = -a - j*a + 12. Suppose s - 56 = -a*s. What is the tens digit of s?
1
Suppose -4*v + 5*v - 60 = 0. Suppose -4*x + v = -x. Suppose 4*h = x, 2*h = s + 3 + 2. What is the units digit of s?
5
Let i = 21 + -8. Let g be (-2 - 0)*i/2. Let s = g - -26. What is the units digit of s?
3
Suppose -1 = d - m - 5, 4*d + 4*m = 40. Suppose -5*x - d*r + 27 = -3*r, -2*r + 31 = 5*x. What is the units digit of x?
7
What is the tens digit of (-26)/(-2)*(-13 + 16)?
3
Suppose n = -t - 3, -4*n - 2*t + 3*t - 7 = 0. What is the tens digit of n - (-1 + -1 + -16)?
1
Let u = -9 - -12. Suppose -2*d - 13 = -a - u*d, -d = 5*a - 45. What is the units digit of a?
8
Suppose -138 = -3*n - 51. Let o = -4 + n. What is the units digit of o?
5
Let u(g) = 82*g**2 + g - 1. What is the units digit of u(1)?
2
Suppose 4*v - 107 = -3*m + 3*v, -m + 5*v + 25 = 0. What is the tens digit of m?
3
Let v = 88 - 127. What is the units digit of v/(-5) - (-2)/10?
8
Let a(b) = -2*b**3 - 7*b**2 - 12*b + 3. What is the hundreds digit of a(-6)?
2
Let v be (-8)/(0/1 - 1). Let m = 11 - v. Suppose -m*a - 2*a = -25. What is the units digit of a?
5
Suppose -2*a - a = -48. Suppose 5*g = a + 54. What is the tens digit of g?
1
Let n = 10 - 15. Let y = 15 - n. What is the units digit of 145/y - (-1)/(-4)?
7
Let v(h) = 8*h**2 + h + 1. Let o be v(2). Suppose o + 55 = 6*i. What is the tens digit of i?
1
Suppose -4*i - i - 110 = 0. Let j = -4 - i. Suppose -5*m + 3*m = -j. What is the units digit of m?
9
Suppose 40 = -z - 4*z. What is the tens digit of 12*(-2 + (-44)/z)?
4
Suppose -5*k = -3*l - 0*l - 17, 3*k - 15 = -3*l. Suppose -k*b = -8, o - 2*b - 22 = -0*b. Suppose j + 5*d = 2*j - o, j - 2 = -d. What is the units digit of j?
6
Let b(d) = d**3 - 5*d**2 + 4*d. Let m be b(4). Suppose -g - 1 + 6 = m. What is the units digit of g?
5
Let u = -86 - -128. What is the units digit of u?
2
Let q be 4 + -1 - (-5 - -2). Let p = 1 + q. What is the units digit of p?
7
Let x = -84 + 93. What is the units digit of x?
9
Let b(v) = v - 5. Let c be b(5). What is the units digit of (-2 - c)/(-6)*3?
1
Suppose 0 - 7 = y. Let h(b) = -b**2 - 11*b - 5. What is the units digit of h(y)?
3
Suppose r = 4*k + 1, -3*k = 4*r + 15 - 38. Suppose 3*s = -3*h + 90, 66 = s + 2*s - r*h. What is the units digit of s?
7
Let q(j) = j**3 + 4*j**2 - 5*j + 1. Let a be q(-5). Let r = 12 + a. What is the units digit of r?
3
Suppose -y - 3*b - 3 + 12 = 0, -b + 5 = y. Suppose 2*h + y*h = 415. Suppose h = 5*j + 23. What is the tens digit of j?
1
Let l(k) = k + 1 + k - k. What is the units digit of l(5)?
6
Let h = -5 - -15. Suppose 3*a + h = a. Let b = a - -9. What is the units digit of b?
4
Suppose 18 = 2*h - 16. What is the tens digit of h?
1
Suppose x = 8 + 26. What is the units digit of x?
4
Let u(j) = j**3 + 5*j**2 + 3*j - 3. Let n be u(-4). Let f = n + 0. Suppose 3*s - f = 2. What is the units digit of s?
1
Let o(p) = -p**2 - 4*p - 1. Let v be o(-3). Suppose -2*x = v*k - 38, 5*k - 111 = -2*x + x. What is the tens digit of k?
2
Suppose 18*x - 520 = 10*x. What is the tens digit of x?
6
Suppose -4*r + w + 214 = 0, 0 = 3*r - 3*w + 16 - 181. What is the units digit of r?
3
Suppose -2*r + 8 + 0 = 0. Let o = -1 - -4. Suppose r*g = o + 1. What is the units digit of g?
1
Let a(v) = -v + 2. Let p be a(9). Let n = p + 23. What is the units digit of n?
6
Let t = 9 + 7. What is the units digit of t?
6
Let k be (3/(-5))/((-4)/20). Suppose 0 = 4*o + 2*c, k*o = 6*o + 2*c - 1. What is the tens digit of (-12)/o - 2*1?
1
Let y be ((-15)/20)/(1/(-32)). Let d = -12 + y. Suppose 3*o - d = -0*o. What is the units digit of o?
4
Let x = -1 - -3. Let f(i) = i + 2*i**x - 7*i - 5 - 3*i**2. What is the units digit of f(-4)?
3
Suppose 3*v - 4*v + 13 = 4*h, 4 = 2*h. Let l(m) = 2*m**2 - 6*m + 5. What is the units digit of l(v)?
5
Let r(z) = z**3 + 1 + 8*z**2 - z**2 + 5 - 9*z. What is the tens digit of r(-8)?
1
Let h(y) = -32*y + 10. What is the hundreds digit of h(-4)?
1
Suppose -4*p = j - 2 - 2, -3*p + 4 = j. Suppose -2*k + 2 - 6 = 5*y, j*y - 1 = -3*k. What is the units digit of k?
3
What is the hundreds digit of ((-2076)/(-8) + 6)*4/6?
1
Let t(j) = -j**3 - 5*j**2 - 6*j - 3. Let y be t(-4). Let f be (2 + -1 + -1)*(1 + 0). Suppose f*c = 3*h - 3*c - 30, 4*h - y*c = 40. What is the tens digit of h?
1
Let f(c) = -c**3 + c**2 - c - 1. Let u be f(-1). Suppose k = -t + u*t - 18, -3*t + k = -56. What is the units digit of t?
9
Suppose 12 = 3*l - 9. Let m = l + 0. What is the units digit of m?
7
What is the tens digit of ((-2)/3)/(2/(-162))?
5
Let o be 5/(-40) + (-1490)/(-16). Suppose 3*h - 6 = o. What is the units digit of h?
3
Suppose 3*z - 8 = 1. Let g(d) = 19*d**2 + d. Let o be g(1). Suppose -i = z*i - o. What is the units digit of i?
5
Suppose 0*i = -3*i - c - 2, 0 = -2*c - 10. Let p = 5 - i. Suppose -t + p = -7. What is the tens digit of t?
1
Let v be (-1 - 1)*(-1)/1. Suppose 0 = -v*x + 37 + 39. What is the units digit of x?
8
Suppose -15 - 14 = -p. What is the units digit of p?
9
Let t be (-2)/(-2 - 1 - -2). Suppose t*u + 24 = h - 0*u, 18 = 2*h + 2*u. What is the tens digit of h?
1
Suppose w + 0*w + 84 = -2*q, 0 = -5*q - 5*w - 220. Let r = q - -89. What is the units digit of r?
9
Let b(s) = -s**2 + 8*s + 7. Let u be b(8). Suppose -u*y - 60 = -9*y. What is the units digit of y?
0
Let s = 5 + -1. Suppose -2*x = -2 + s. What is the units digit of -11*(x - (-1 + 1))?
1
Suppose 4 = 2*q - q. Suppose -w - q = -3*w. Suppose 2*c - 4 = 2*v - w*c, -5*v + 23 = c. What is the units digit of v?
4
Let t = -121 + 201. What is the units digit of t?
0
Suppose -3*r = -r. Let u(j) = 0*j + r + j + 0. What is the units digit of u(10)?
0
Let n = 93 - 35. What is the units digit of n?
8
Suppose -5*y - 1 = -6. Let p = 3 + y. Suppose -4*q = -3*w - 46, -4*q + p*w + 12 + 32 = 0. What is the tens digit of q?
1
Let c be (-1 - 2) + 3 + 2. Suppose c*f - 6 = 6. What is the units digit of f?
6
Suppose -2*s + 4*s + 2*z = -8, 0 = -s + 4*z + 11. Let a = 7 - 3. Let b = s + a. What is the units digit of b?
3
Let t(a) = a**3 + 12*a**2 - 16. Let w be t(-12). Let o = 33 + w. What is the tens digit of o?
1
Let u(y) = -y**2 + 7*y + 4. Let w be u(7). Suppose 4*d + 10 = -3*x, -4 = d - 0. Suppose w*r - x = 3*r. What is the units digit of r?
2
Let v be 3/(-6)*5*2. Let t(q) be the second derivative of -q**3/2 - 2*q**2 - q. What is the units digit of t(v)?
1
Let v(j) = -2*j**3 - 3*j**2 - j + 3. Let h be v(-4). Suppose -h = -5*z + 43. What is the units digit of z?
6
Let d be (1 + -2)*(-7 + 2). Let s = 7 - d. What is the units digit of 1/s + (-81)/(-18)?
5
Suppose -a - 24 = 4*v - 3, 0 = -v + 4*a + 16. What is the units digit of 1/2 + (-74)/v?
9
Let u(m) = -17*m - 27. What is the hundreds digit of u(-10)?
1
Let o be (-2 - -2)/(0 - 1). Let p(f) = f + 4. Let m be p(o). Let x = 5 - m. What is the units digit of x?
1
Suppose -5*k + 60 = -2*x, -5*k + x + 2*x + 65 = 0. Let p be (6 - 0)/(4/k). Suppose j = -3*d + p, 5*j - 6 = 4*d + 31. What is the units digit of j?
9
Let s = -21 + 71. Let b = s - 13. What is the tens digit of b?
3
Suppose 0 = 3*r - 2*r - 7. Suppose 0 = 9*k - 4*k